t common factor of w and 1900.
100
Let l be (-91)/(-6) - -1*(-7)/42. Suppose -x - n + 4*n = -12, 33 = 2*x + 3*n. What is the highest common factor of x and l?
15
Suppose g - 3*z = 12, -4*z = 5*g - z - 6. Let c be 20/8*(-23)/((-805)/168). Calculate the highest common divisor of g and c.
3
Let j(s) be the first derivative of s**2 - 6 + 22/3*s**3 - 2*s. Let x be j(2). Calculate the greatest common factor of x and 9.
9
Suppose -3250 + 786 = -11*i. What is the greatest common divisor of i and 28?
28
Suppose 18*a + 45 = 13*a. Let g(x) = x**2 + 5*x - 16. Let w be g(a). What is the greatest common factor of 20 and w?
20
Let l = 35 - 19. Let d(s) = -s**2 - 9*s - 6. Suppose 7*f - 6*f + 7 = 0. Let i be d(f). Calculate the greatest common divisor of i and l.
8
Let b be -1 + (-1)/(3/(-6)). Let p be (-170)/10 - 3*b. Let y = 34 + p. What is the greatest common divisor of y and 28?
14
Let g = 11 + -9. Let n be 0 + g + 0 + 5. Suppose -2*c = 5*a - 6*a - n, -4*c + 4*a + 8 = 0. What is the highest common factor of 20 and c?
5
Suppose 15 = -5*u - 0*u. Let t = u + 4. Let p(a) = a**2. Let j be p(t). What is the greatest common divisor of j and 1?
1
Suppose -6*j + 3*j = -6. Let z(y) = 4*y + 4*y - j - 5*y - 2*y. Let v be z(3). What is the highest common factor of v and 1?
1
Let z be (2/(-4))/(3/78). Let b = z + 53. Let i = 1636 + -1616. What is the greatest common divisor of i and b?
20
Let n(t) = -t**2 + 25*t + 38. Let b be n(24). Calculate the greatest common divisor of 2 and b.
2
Let r be (-106 - -1)/((-6)/8*1). What is the greatest common factor of r and 105?
35
Let n(s) = -56*s - 306. Let c be n(-6). What is the greatest common divisor of 975 and c?
15
Let k be 5 + -1 + (-4 - -6). Suppose -167 = -k*y + 121. Calculate the highest common divisor of y and 24.
24
Let s(i) = 3*i**3 - 84*i**2 + 14*i - 35. Let c be s(28). What is the highest common factor of 51 and c?
51
Suppose 8*p - 4*p + 5*j = -11, j = -5*p - 19. Let a be 6/p*16/4. Let x be (a/(-10))/((-5)/(-50)). Calculate the greatest common divisor of x and 60.
6
Let r(q) = q**3 + 19. Let l be r(0). Suppose -2*k + 4*m = -460, 0 = -9*m + 6*m - 3. Suppose 9*o + k = 13*o. Calculate the highest common divisor of l and o.
19
Suppose 5*b + 12 - 2 = 0. Let y(p) = 3*p + 2. Let x be y(b). Let w be (2/(-4))/(x/40). What is the highest common factor of 55 and w?
5
Let o be (-62)/(-15) - (-2)/(-15). Suppose 334 - 110 = o*q. Let i = -3 + 10. Calculate the highest common divisor of q and i.
7
Let d(q) = -45*q + 446. Let f be d(8). What is the highest common divisor of f and 172?
86
Let x(u) = -3*u. Let m be x(1). Let o(d) = -d. Let k be o(m). Suppose 0 = 51*q - 29 - 583. Calculate the greatest common factor of k and q.
3
Let d(o) = 29*o - 40. Let n be d(10). What is the greatest common divisor of n and 150?
50
Let d = -102 - -192. Let z be d/6*-2*3/(-10). Calculate the greatest common factor of 63 and z.
9
Suppose 9*y - 55 = 53. Calculate the greatest common divisor of y and 12.
12
Suppose -25*q + 216 = -16*q. Calculate the highest common divisor of 132 and q.
12
Let h be (-153)/(-7) + (-2)/(-14). Suppose 3*d - u - 30 = 232, -u = -d + 86. What is the highest common factor of d and h?
22
Let x(o) = 2*o**2 + 3*o - 44. Let c be x(11). Calculate the greatest common factor of c and 21.
21
Let t = -677 - -682. Suppose 5*l - 10 - 35 = 0. Let i be 3*-8*(-15)/l. Calculate the highest common factor of t and i.
5
Let u(q) = -2*q + 7. Let c(t) = t. Let b(k) = 5*c(k) - u(k). Let o be b(4). What is the greatest common factor of 7 and o?
7
Suppose -4*j + 9*j = 20. Suppose j*s = 3*c - 17, 2*c + 3 = s + 6. Let f be s + 4 + (2 - -9). Calculate the greatest common divisor of 70 and f.
10
Let i be 21/(-4) - 3/(-12). Let c = 15 - i. Let j = 456 - 236. What is the greatest common factor of j and c?
20
Let i = 61 + -101. Suppose 3*x - 59 = 5*k, 0*x = -5*k + 4*x - 57. Let r = k - i. Calculate the highest common divisor of r and 27.
27
Let d(c) = -9*c - 45. Let q be d(-30). What is the greatest common factor of 45 and q?
45
Let u(p) = -p - 12. Let n be u(-11). Let w(q) = 110*q**2 - 2*q - 2. Let x be w(n). What is the highest common factor of 10 and x?
10
Let w be (-225)/12 + (-6)/24. Let a = -17 - w. Let t(b) = b**2 + 3*b - 10. Let l be t(-7). What is the highest common divisor of a and l?
2
Suppose 5*x = 7*u - 5*u + 486, 0 = x + 2*u - 90. Calculate the highest common factor of 272 and x.
16
Let q(h) = 44*h. Let d(a) = 219*a. Let c(s) = -4*d(s) + 21*q(s). Let v be c(2). Let i be (-6)/2*v/(-18). Calculate the greatest common factor of i and 40.
8
Let p = 227 + 77. What is the highest common factor of p and 38?
38
Let z = 14 + -24. Let n(d) = -d**2 + 4. Let x be n(3). Let b be x*(44/z + 2). What is the greatest common divisor of b and 132?
12
Suppose 0 = -4*c - 2*u + 112, -5*c + 2*u + 145 + 13 = 0. Let k(o) = -o**2 + 90. Let l be k(0). What is the greatest common divisor of c and l?
30
Let m be 4 + ((6 - 7)*-1050 - 1). What is the highest common divisor of m and 81?
81
Let k = -42 + 90. Let z(m) = -15*m + 10. Let l be z(4). Let y = -26 - l. Calculate the highest common divisor of y and k.
24
Suppose 7 = 20*j - 13. Let r be (-32)/(-4)*j/8. Let m = 32 + -22. Calculate the greatest common divisor of r and m.
1
Let v(c) = 3*c**3 + 3*c**2 + 13*c + 3 - 30*c**3 - 8*c. Let u be v(-1). Calculate the greatest common divisor of 70 and u.
14
Let m = 157 - 14. Calculate the greatest common divisor of 11 and m.
11
Suppose 0 = 10*f - 6*f - 8. Suppose -8*x = -f*x - 102. What is the highest common factor of x and 34?
17
Let a(z) = 4*z + 44. Let q be a(-4). What is the highest common divisor of 28 and q?
28
Suppose -5*s = -4*g - 24, 4*s - s = 2*g + 14. Suppose 0 = 3*h - 5*i + 8, h - 8 = -2*i + s. What is the highest common divisor of 20 and h?
4
Let d = 21 - 19. Suppose -4*q + 3*b + 2 = 0, 0*q + 4*b - 12 = -d*q. Suppose q*u - u = -2*v + 23, u = 5*v - 54. What is the highest common factor of 55 and v?
11
Let b be (4/8 + 0)*132. Let q = b + -46. Calculate the greatest common divisor of q and 140.
20
Let h be -11*7*(-84)/49. Let t = 22 + 2. Suppose 0 = -0*j + 2*j - t. Calculate the greatest common divisor of h and j.
12
Suppose -5*r - 163 = 4*b, 2*r = 5*b - 6*b - 37. Let f = 61 + b. Calculate the greatest common factor of 2 and f.
2
Suppose 16*n = -488 + 1768. What is the highest common divisor of n and 40?
40
Suppose 2*o - 15 = -3*o. Suppose t = o*i - 11, i + 2*t = -2*t + 8. Let f be 242/55 + i/(-10). Calculate the greatest common divisor of f and 44.
4
Suppose 0 = -5*o + 16*o - 110. Calculate the highest common divisor of 450 and o.
10
Let w(q) = -3*q + 4. Let f be (-4)/(-16) - 17/4. Let r be w(f). Suppose 0 = 2*s + 2*k - 296, -5*k = -7 - 13. What is the greatest common divisor of r and s?
16
Let o(s) = -10*s + 370. Let x be o(15). Suppose -m - 16 = -g, 3*g + 0*m - 44 = 4*m. Calculate the greatest common divisor of x and g.
20
Let x(k) = -k**3 - 29*k**2 + 6. Let p be x(-29). Suppose 13*z - p*z - 70 = 0. What is the greatest common divisor of 15 and z?
5
Suppose -2*j - 1 + 3 = 0. Let o(h) = h + h**3 - 4 - 2*h**2 - j - 7*h**2. Let u be o(9). What is the greatest common factor of 16 and u?
4
Suppose -3*a + 4*t + 15 = -42, 5*t + 90 = 5*a. Let f be -13*((-3)/a + 16/(-20)). What is the greatest common divisor of 39 and f?
13
Suppose -7*m - 2*a - 510 = -9*m, 2*m - a - 507 = 0. Calculate the highest common divisor of 378 and m.
126
Suppose 15*n + 364 = 1579. Calculate the highest common divisor of n and 3078.
81
Let v be -1 + (-12)/(-60)*55. Calculate the greatest common divisor of 10 and v.
10
Let g be -24*(3/(-8))/(24/32). Calculate the greatest common factor of 69 and g.
3
Let r be (-10)/(((-34)/21)/17). What is the highest common divisor of r and 15?
15
Let q be (-4)/((-3 - 1)/4). Suppose -155 = -q*p - p. Suppose 3*z = 2*i - 63, -2*i - z = -p - 44. What is the highest common factor of i and 9?
9
Suppose -q = -5*o + 2*q - 38, q - 6 = o. Let m be (-504)/(-15) - 4/o. Calculate the greatest common factor of m and 17.
17
Let h(b) = -b**3 - 16*b**2 - 18*b - 21. Let f be h(-15). Suppose -4*v + 36 = -5*i + 9, 2*i = -2*v. What is the greatest common factor of f and v?
3
Let a = -4 + 38. Let v = 36 + a. Calculate the highest common factor of 14 and v.
14
Suppose 20 = -5*k, o = 5*o 